+ 416, 0 = -6*d + 3*d - u + a. What is the tens digit of d?
4
Let h = 63 + -59. Let x(z) be the second derivative of z**4/4 - z**3/6 - 7*z**2/2 - 3*z. What is the units digit of x(h)?
7
Let i(j) = 28 - 8*j + 1 + 7. Let s be i(-17). Let d = s + 2. What is the tens digit of d?
7
Let y(k) = k**3 - k**2 + k + 248. Suppose -42*q = -36*q. What is the units digit of y(q)?
8
Let u(f) = 1186*f**2 - 21*f - 283. What is the units digit of u(-6)?
9
Let j be (-1 + 6/4)/(24/(-864)). Let o(x) = 3*x**2 + 5*x - 45. Let u be o(j). Suppose 15*w = -72 + u. What is the tens digit of w?
5
Suppose 17227 = -3*j + w + 3213, 4*w + 20 = 0. Let l = -2993 - j. What is the hundreds digit of l?
6
Let r be ((-6213)/(-38))/(6/4). Suppose 0 = 3*q - 3 - 6, 0 = -i - q + r. What is the hundreds digit of i?
1
Suppose 4*k - 10*c = -5*c + 27313, 20486 = 3*k - 4*c. What is the units digit of k?
2
Let x = -15161 - -24139. What is the units digit of x?
8
Let t(b) = 2*b**3 - 90*b**2 + 15*b + 222. What is the tens digit of t(45)?
9
Suppose m = -2*h + 55298, -4*h + 2795 = 5*m - 107819. What is the tens digit of h?
4
Let p = -287 - -727. Let r = p + -336. What is the tens digit of r?
0
Let v(o) = 272*o**2 - 179*o + 940. What is the hundreds digit of v(5)?
8
Let j = -62 + 64. What is the tens digit of j/(-7) + (-1352)/(-28)?
4
Let u = 26 - 12. Suppose -2*m - 10 = c, -5*c - 2*m - u = -m. What is the units digit of 46*((-1 - 11/(-2)) + c)?
5
Let a be 13/3 - (2 + -5)/(-9). Let g(q) = -q**2. Let j(f) = -5*f**2 - 24*f - 4. Let p(d) = a*g(d) - j(d). What is the units digit of p(-28)?
6
Let d(o) = 6*o**3 - 10*o**2 + 19*o - 58. Let x(b) = -b**2 - b - 1. Let p(k) = d(k) - 4*x(k). What is the hundreds digit of p(6)?
1
Suppose -3*r = 4*r - 21. Let n be 2/r*(2 - -7). What is the tens digit of (-14)/n + 3 + (-458)/(-6)?
7
Let p(o) = o**2 - 2*o + 20. Let f be (119/(-35))/(1/5). What is the units digit of p(f)?
3
Let i(l) = 5*l + 15. Suppose 0 = 2*h + f - 0*f + 12, 2*f + 16 = -2*h. Let o be i(h). What is the tens digit of 362*(-5)/50*o?
8
Suppose 5*c - 4*n - 5461 = 0, -4*c - 1773*n = -1770*n - 4313. What is the units digit of c?
5
Suppose 5*x - 5 - 25 = 0. Suppose 2*q = -3*z + x, 3*z - 6*z - q = -9. Suppose -z*w - 2*w = -414. What is the tens digit of w?
6
Let n(y) = 2*y**2 - 28*y + 16. Let v be n(-39). Suppose -8*u + v = 2*u. What is the units digit of u?
5
Suppose o = 5*t + 986, 5*o + 3*t - 1879 = 3051. Let n = -946 + o. What is the units digit of n?
0
Let l = 24902 + 17911. What is the thousands digit of l?
2
Let o(j) = -j**2 + 10*j - 15. Let i be o(8). Let s be (3 - 5) + 117 + -2 + i. What is the units digit of (1*s)/(11 + -9)?
7
Suppose 0 = 14*p + 6*p - 52920. Suppose -4*f = 2*y - f - p, -4*y = -2*f - 5308. What is the tens digit of y?
2
Let w = -4592 + 5921. What is the tens digit of w?
2
Suppose 10 = 3*c - 41. Let m(t) = 14*t + 7. Let r be m(-2). Let w = c - r. What is the tens digit of w?
3
Suppose 0 = -342*k + 334*k + 187408. Suppose 37*c + k = 54*c. What is the hundreds digit of c?
3
Suppose 10 = -7*b + 12*b. Let j(i) = 11*i**3 - 6*i**3 - 13 + 2*i - 9*i**b - 4*i**3. What is the hundreds digit of j(10)?
1
What is the tens digit of (2*(45/(-10))/9)/((-1)/12163)?
6
Suppose 66 = -3*j + 5*u - 6*u, 2*j = 4*u - 58. What is the units digit of 236985/345 - 2/j?
7
What is the units digit of (-2 - (-284)/(-6))*(-11 - (-2940)/(-24))?
6
Let s(f) = -3*f - 9. Let y(z) = -2*z - 5. Let u(v) = 6*s(v) - 10*y(v). Let d be u(2). Suppose k - 2*p = 23, d*p + 14 = 3*k + 5*p. What is the units digit of k?
3
Suppose -3*b - 40 = m, 3*b + m + 56 = -4*m. Let i = b - -17. Suppose -2*z + 401 = i*o, -z = -5*z - 8. What is the units digit of o?
1
Suppose -4*f + 3*a + 6611 = 0, f - 5*f = -4*a - 6612. Suppose 3*x + 0*m - 2*m = f, 4 = -4*m. What is the hundreds digit of x?
5
Let t be ((-13)/(-52))/((-1)/(-4)) + 2. Let z = 4 - 5. What is the units digit of 1/((z/1)/(-92 + t))?
9
Let k(p) = -p**2 - 4*p - 6. Let b be k(-6). Let m be (6/4)/(b/(-36)). Suppose m*r - 49 = 95. What is the tens digit of r?
4
Let s = -2097 - -2099. Let l(h) be the first derivative of 15*h**2 + 2*h - 1. What is the tens digit of l(s)?
6
Suppose 38922 = 2*w - 4*v, -39*w + 19473 = -38*w - 4*v. What is the units digit of w?
9
Let p = 18498 - -12974. What is the thousands digit of p?
1
Let o = 43651 + 19718. What is the ten thousands digit of o?
6
Let l(z) = 2*z**3 + 21*z**2 + 2*z + 7. Let y be l(-10). Suppose 19*h = y + 179. What is the tens digit of h?
1
Suppose 2*y - 294 = -y. What is the tens digit of 539/y*(-4)/(-2)?
1
Let i(m) be the third derivative of -m**5/60 - m**4/24 - m**3/3 - 10*m**2. Let x be i(0). What is the hundreds digit of -2 - 330/(6/x)?
1
Let f(z) = z**3 - 8*z**2 - 9*z + 23. Let u be f(11). Let d = 490 - u. What is the tens digit of d?
0
Suppose 4529*d = 4532*d - 79863. What is the hundreds digit of d?
6
What is the ten thousands digit of 20606 + (54 - 59 - 9/(-1))?
2
Let k(o) = -16*o**3 - 7*o**2 + 33*o + 330. What is the units digit of k(-10)?
0
What is the thousands digit of (-80)/(-32) + (-36631)/(-14)?
2
What is the ten thousands digit of 3045042/165 + 16/(-20)?
1
Let w = 26823 - 17378. What is the tens digit of w?
4
Let l(q) = 8*q**2 + 48*q - 242. What is the hundreds digit of l(36)?
8
Suppose 4*z - 6517 + 1916 = -x, 4*z + 4593 = x. Suppose x = 15*y + 652. What is the tens digit of y?
6
Let w(a) = a**3 - a**2. Let l be (9 - 9)*1/1. Let h be w(l). Suppose 7*x - 2009 = -h*x. What is the hundreds digit of x?
2
Let i(u) = 38*u**2 + 3*u. Let d be i(-2). Let s = d - 92. Let b = s + -47. What is the units digit of b?
7
What is the units digit of (-2 - 0)*(-58)/(-232)*(-16106 - 2)?
4
Let i = -25 - -637. Let q = i + -39. What is the units digit of q?
3
Suppose 0 = -5*d + 75 + 30. Let j(w) = 38*w + 243. Let h be j(-6). Suppose 888 = d*g - h*g. What is the units digit of g?
8
Suppose -38*o + 514 = -343 + 21. Let x(y) = y**3 - 3*y**2 + y + 6. Let h be x(7). What is the tens digit of (h/o)/(2/12)?
5
Let g be ((-8025)/10)/(-2*(-2)/(-8)). Suppose -3*f + 1260 = -3*r, 80 = 4*f - 5*r - g. What is the tens digit of f?
1
Let h be 8*1/((-8)/6). What is the tens digit of h*12/18 - -599?
9
Suppose -4*p = 9 - 17. Suppose -3*y = -6, 2*d + 8 = -p*d + 4*y. Suppose d = -3*f + s + 60 + 242, 5*f = -5*s + 490. What is the tens digit of f?
0
Let h(g) = -7*g**3 - 24*g**2 - 38*g - 204. What is the hundreds digit of h(-10)?
7
Let i(q) = 2*q + 14. Let r be i(-9). Let j be 1/r + 2/16*34. Suppose 2*a + 2*x - 47 = 41, j*a - 146 = 2*x. What is the units digit of a?
9
Suppose 51 = 3*i + 1068. Let m = 342 - i. What is the tens digit of m?
8
Suppose 0 = -5*c + 10*c + 11*c - 74304. What is the hundreds digit of c?
6
Let n(u) = -u**2 - 20*u - 65. Let b be n(-13). Suppose -b*l + 14*l = -8880. What is the tens digit of l?
4
Suppose 2*h = -3*y + 8311, 3*h + 8*y - 5*y - 12471 = 0. What is the units digit of h?
0
Let s be 0 - 1/((-5)/140). Let w = 34 - s. What is the tens digit of 142/w + (-8)/(-24)?
2
Let a be (-18)/24 - ((-66)/24 + -1). Suppose m + 3471 = a*i, 118*i - 119*i + 3*m = -1149. What is the thousands digit of i?
1
Suppose 9 = g + 4. Suppose 0*j + g*o = 4*j - 477, 236 = 2*j - 2*o. Let v = -58 + j. What is the tens digit of v?
5
What is the thousands digit of (10376 + (-12)/(-4))/(18/36)?
0
Let b(z) = z**2 - 4*z - 1. Let m(h) = 5*h + 147. Let w be m(-33). What is the hundreds digit of b(w)?
3
Suppose -54 = -3*y + 15. Suppose 11 - y = -3*s. Suppose a - 5*a = 3*j - 99, 0 = s*a - 4*j - 64. What is the tens digit of a?
2
Let p(u) = 6*u**2 - 26*u + 14. Let a be p(10). What is the tens digit of a + 8/(64/(-56))?
4
Suppose 23 = 4*l - 33. Let n = -11 + l. Suppose 0 = -i + 5*k + 45 + n, -5*i = 3*k - 184. What is the tens digit of i?
3
What is the hundreds digit of (1 - 1) + 16 + -13 - -133?
1
Suppose n + 15 = -15*c + 19*c, -n - 20 = -5*c. Suppose -z + 3*t + 873 = c*t, 4*z = 2*t + 3442. What is the tens digit of z?
6
Suppose -160 = -5*n - 2*x + 8921, -2*x - 1821 = -n. Suppose -1099 = -9*u + n. What is the hundreds digit of u?
3
Let t = 5197 + -2734. What is the units digit of t?
3
What is the units digit of 15*(203115/45 - -5)?
0
Let z = 9 + 132. Let d = z - 99. Suppose -46*r = -d*r - 268. What is the units digit of r?
7
Suppose 25*p = 30*p + 135. Suppose -808 = -8*d + 4*d. Let k 